431
What are the prime factors of 1457832009?
3, 31, 2347, 6679
List the prime factors of 243830389.
11, 631, 35129
List the prime factors of 755840320.
2, 5, 2362001
What are the prime factors of 1002687726?
2, 3, 167114621
What are the prime factors of 1040681549?
509, 2044561
List the prime factors of 1333218192.
2, 3, 491, 56569
List the prime factors of 1230694652.
2, 11, 569, 49157
What are the prime factors of 338102310?
2, 3, 5, 7, 13, 271, 457
List the prime factors of 1422465609.
3, 19, 24955537
List the prime factors of 6090929903.
251, 24266653
List the prime factors of 18156606.
2, 3, 13, 232777
List the prime factors of 21280432.
2, 29, 45863
List the prime factors of 241284338.
2, 10321, 11689
What are the prime factors of 1922538212?
2, 7, 68662079
What are the prime factors of 90539241?
3, 13, 2321519
List the prime factors of 349497967.
7, 13, 37, 103801
What are the prime factors of 144849120?
2, 3, 5, 13, 139, 167
List the prime factors of 409851442.
2, 7, 11, 13, 37, 503
List the prime factors of 837487330.
2, 5, 89, 97, 109
List the prime factors of 2025231682.
2, 14533, 69677
List the prime factors of 214339051.
214339051
List the prime factors of 4436225189.
11, 127, 1103, 2879
List the prime factors of 53485156.
2, 41, 101, 3229
What are the prime factors of 2503802863?
1409, 1777007
What are the prime factors of 183320758?
2, 17, 41, 131507
List the prime factors of 819228260.
2, 5, 23, 43, 83, 499
List the prime factors of 806034524.
2, 201508631
List the prime factors of 719612064.
2, 3, 2498653
List the prime factors of 38960603.
11, 47, 179, 421
List the prime factors of 1561151644.
2, 13, 19, 569, 2777
What are the prime factors of 447480119?
447480119
What are the prime factors of 94509281?
251, 376531
What are the prime factors of 1536802032?
2, 3, 439, 72931
List the prime factors of 9316299326.
2, 107, 43534109
What are the prime factors of 3917286309?
3, 1305762103
What are the prime factors of 35779275?
3, 5, 7, 22717
List the prime factors of 165838542.
2, 3, 1973, 14009
What are the prime factors of 880134215?
5, 23, 199, 38459
What are the prime factors of 26472239?
4339, 6101
List the prime factors of 37034186.
2, 7, 23, 115013
List the prime factors of 760140553.
31, 971, 25253
What are the prime factors of 10985605?
5, 23, 95527
What are the prime factors of 20867211?
3, 17, 29, 4703
What are the prime factors of 31819522?
2, 7, 324689
List the prime factors of 85678000.
2, 5, 42839
What are the prime factors of 71393554?
2, 35696777
What are the prime factors of 421802599?
2851, 147949
What are the prime factors of 1702003653?
3, 7, 27015931
List the prime factors of 936952680.
2, 3, 5, 31, 61, 4129
What are the prime factors of 170040050?
2, 5, 29, 117269
What are the prime factors of 416048098?
2, 208024049
List the prime factors of 865147692.
2, 3, 72095641
List the prime factors of 35207509.
35207509
What are the prime factors of 821907181?
1433, 573557
What are the prime factors of 139997672?
2, 1123, 15583
What are the prime factors of 266820357?
3, 37, 599, 4013
What are the prime factors of 48843523?
2393, 20411
What are the prime factors of 30373512?
2, 3, 13, 67, 1453
List the prime factors of 40794183.
3, 1697, 2671
What are the prime factors of 41629885?
5, 11, 23, 32909
What are the prime factors of 75928753?
769, 98737
What are the prime factors of 1192860069?
3, 397620023
What are the prime factors of 1145716537?
7, 257, 636863
List the prime factors of 622416526.
2, 311208263
What are the prime factors of 3570060717?
3, 233, 567487
What are the prime factors of 656774655?
3, 5, 43784977
List the prime factors of 1874643852.
2, 3, 107, 1460003
What are the prime factors of 1204600952?
2, 691, 217909
What are the prime factors of 2755172459?
13, 67, 197, 16057
List the prime factors of 61942956.
2, 3, 23, 29, 71, 109
What are the prime factors of 75507809?
13, 5808293
What are the prime factors of 581781222?
2, 3, 11, 601, 4889
What are the prime factors of 9670626?
2, 3, 7, 23, 47, 71
What are the prime factors of 3180527001?
3, 353391889
List the prime factors of 725505944.
2, 90688243
What are the prime factors of 976034553?
3, 13, 179, 139813
List the prime factors of 3695333140.
2, 5, 43, 4296899
List the prime factors of 27070471.
23, 31, 37967
What are the prime factors of 596481616?
2, 37280101
List the prime factors of 56803246.
2, 1163, 24421
What are the prime factors of 133703060?
2, 5, 127, 52639
What are the prime factors of 260126446?
2, 3847, 33809
List the prime factors of 585285078.
2, 3, 7, 17, 47, 107, 163
What are the prime factors of 46031122?
2, 23015561
What are the prime factors of 10831394?
2, 7, 853, 907
What are the prime factors of 813826174?
2, 7, 37, 1571093
What are the prime factors of 101295095?
5, 11, 17, 131, 827
What are the prime factors of 74852889?
3, 1103, 22621
What are the prime factors of 17513873?
13, 1347221
List the prime factors of 41783221.
41783221
What are the prime factors of 13865769?
3, 157, 3271
List the prime factors of 55949678.
2, 3449, 8111
List the prime factors of 2398772139.
3, 1583, 505111
What are the prime factors of 587453682?
2, 3, 337, 290531
List the prime factors of 4098971339.
4098971339
List the prime factors of 209036176.
2, 19, 29, 131, 181
What are the prime factors of 133675331?
133675331
What are the prime factors of 47641596?
2, 3, 3970133
List the prime factors of 82470326.
2, 661, 62383
List the prime factors of 55789461.
3, 7, 13, 17, 4007
What are the prime factors of 637367007?
3, 23, 107, 131, 659
List the prime factors of 244059492.
2, 3, 2287, 8893
What are the prime factors of 242220190?
2, 5, 24222019
List the prime factors of 55368099.
3, 17, 101, 3583
What are the prime factors of 34399301?
59, 89, 6551
What are the prime factors of 1632269760?
2, 3, 5, 11, 154571
What are the prime factors of 1403696271?
3, 1913, 244589
What are the prime factors of 6479344341?
3, 71, 739, 13721
List the prime factors of 81311717.
229, 355073
What are the prime factors of 4639487285?
5, 927897457
List the prime factors of 113726861.
641, 177421
What are the prime factors of 45778390?
2, 5, 7, 653977
What are the prime factors of 86440720?
2, 5, 67, 16127
List the prime factors of 5255065761.
3, 11, 159244417
What are the prime factors of 290507538?
2, 3, 5479, 8837
List the prime factors of 54249726.
2, 3, 101, 89521
What are the prime factors of 429613108?
2, 107403277
What are the prime factors of 318349460?
2, 5, 11, 13, 79, 1409
List the prime factors of 743945362.
2, 371972681
List the prime factors of 153161580.
2, 3, 5, 11, 13, 17851
What are the prime factors of 4582311173?
11, 416573743
List the prime factors of 716846467.
67, 10699201
List the prime factors of 48089937.
3, 7, 269, 8513
What are the prime factors of 53507597?
11, 13, 107, 269
List the prime factors of 829466112.
2, 3, 23, 53, 443
What are the prime factors of 1639495?
5, 11, 13, 2293
List the prime factors of 203737928.
2, 17, 1498073
What are the prime factors of 2854960781?
1759, 1623059
List the prime factors of 132662371.
132662371
List the prime factors of 66877969.
66877969
List the prime factors of 317124793.
11699, 27107
What are the prime factors of 3405424784?
2, 97, 193, 11369
What are the prime factors of 29544354?
2, 3, 7, 19, 41, 43
What are the prime factors of 3641204980?
2, 5, 7, 23, 1130809
What are the prime factors of 73901208?
2, 3, 23, 83, 1613
List the prime factors of 114218959.
1103, 103553
List the prime factors of 37690130.
2, 5, 797, 4729
List the prime factors of 1170988816.
2, 1783, 41047
What are the prime factors of 1224460691?
487, 859, 2927
What are the prime factors of 245666553?
3, 11, 7444441
List the prime factors of 513374503.
513374503
What are the prime factors of 2317365037?
13, 5647, 31567
List the prime factors of 3674043148.
2, 19, 191, 253103
List the prime factors of 87851909.
87851909
List the prime factors of 1240178996.
2, 7, 43, 1030049
What are the prime factors of 36729388?
2, 59, 103, 1511
What are the prime factors of 1014649306?
2, 11, 89, 518207
List the prime factors of 1049071867.
1049071867
What are the prime factors of 351595704?
2, 3, 61, 137, 1753
List the prime factors o